actors of 766486.
2, 7, 53, 1033
What are the prime factors of 1078672?
2, 7, 9631
List the prime factors of 5302518.
2, 3, 13, 157, 433
What are the prime factors of 17411342?
2, 13, 669667
List the prime factors of 2918610.
2, 3, 5, 32429
What are the prime factors of 186537?
3, 13, 4783
List the prime factors of 1043773.
1043773
List the prime factors of 995451.
3, 389, 853
What are the prime factors of 11170664?
2, 31, 1453
List the prime factors of 300128.
2, 83, 113
List the prime factors of 32304980.
2, 5, 47, 34367
What are the prime factors of 8015076?
2, 3, 67, 3323
What are the prime factors of 354734?
2, 193, 919
What are the prime factors of 123571?
7, 127, 139
List the prime factors of 8128338.
2, 3, 23, 58901
What are the prime factors of 960858?
2, 3, 53381
List the prime factors of 378877.
223, 1699
List the prime factors of 198629.
307, 647
List the prime factors of 224081.
11, 13, 1567
List the prime factors of 13568278.
2, 17, 399067
What are the prime factors of 531982?
2, 11, 24181
List the prime factors of 2185184.
2, 23, 2969
List the prime factors of 1948431.
3, 19, 34183
What are the prime factors of 10142132?
2, 7, 11, 13, 17, 149
List the prime factors of 563047.
563047
What are the prime factors of 4344321?
3, 743, 1949
List the prime factors of 828581.
13, 63737
List the prime factors of 8968183.
7, 23, 53, 1051
What are the prime factors of 5884207?
7, 840601
What are the prime factors of 167527?
233, 719
List the prime factors of 10493643.
3, 19, 47, 3917
List the prime factors of 498291.
3, 163, 1019
What are the prime factors of 257000?
2, 5, 257
What are the prime factors of 3712498?
2, 31, 59879
List the prime factors of 4767462.
2, 3, 7, 157, 241
List the prime factors of 70313.
70313
What are the prime factors of 1760442?
2, 3, 59, 4973
What are the prime factors of 696912?
2, 3, 14519
What are the prime factors of 556694?
2, 278347
What are the prime factors of 4071743?
13, 313211
What are the prime factors of 18527?
97, 191
What are the prime factors of 379224?
2, 3, 23, 229
List the prime factors of 340302.
2, 3, 43, 1319
List the prime factors of 745760.
2, 5, 59, 79
What are the prime factors of 9882159?
3, 7, 470579
What are the prime factors of 10584142?
2, 5292071
List the prime factors of 5930735.
5, 1186147
What are the prime factors of 786975?
3, 5, 7, 1499
List the prime factors of 15093723.
3, 103, 48847
List the prime factors of 3004039.
821, 3659
List the prime factors of 9996675.
3, 5, 13, 10253
What are the prime factors of 634355?
5, 17, 439
What are the prime factors of 1861895?
5, 7, 53197
List the prime factors of 2098993.
13, 161461
What are the prime factors of 1934055?
3, 5, 42979
What are the prime factors of 3849627?
3, 967, 1327
What are the prime factors of 187183?
37, 5059
List the prime factors of 2344183.
23, 101921
List the prime factors of 4521613.
227, 19919
What are the prime factors of 546057?
3, 17, 43, 83
List the prime factors of 12549221.
3257, 3853
What are the prime factors of 208705?
5, 7, 67, 89
List the prime factors of 10909333.
149, 211, 347
What are the prime factors of 30749?
97, 317
List the prime factors of 400179.
3, 13, 31, 331
What are the prime factors of 13036140?
2, 3, 5, 13, 619
List the prime factors of 942718.
2, 7, 17, 233
What are the prime factors of 8501427?
3, 11, 79, 1087
What are the prime factors of 1569159?
3, 89, 653
List the prime factors of 651549.
3, 97, 2239
What are the prime factors of 252582?
2, 3, 11, 43, 89
List the prime factors of 210159.
3, 19, 1229
What are the prime factors of 4335787?
4335787
What are the prime factors of 369055?
5, 31, 2381
What are the prime factors of 1639436?
2, 61, 6719
List the prime factors of 1720978.
2, 7, 17, 1033
What are the prime factors of 11898607?
7, 1699801
List the prime factors of 2344003.
31, 83, 911
List the prime factors of 539280.
2, 3, 5, 7, 107
What are the prime factors of 204920?
2, 5, 47, 109
What are the prime factors of 1708612?
2, 79, 5407
What are the prime factors of 531200?
2, 5, 83
What are the prime factors of 7845062?
2, 19, 431, 479
What are the prime factors of 9856?
2, 7, 11
List the prime factors of 349434.
2, 3, 719
List the prime factors of 12552451.
12552451
List the prime factors of 210516.
2, 3, 53, 331
List the prime factors of 1587335.
5, 167, 1901
List the prime factors of 823548.
2, 3, 11, 17, 367
List the prime factors of 2724397.
13, 209569
List the prime factors of 1351431.
3, 50053
What are the prime factors of 900714?
2, 3, 19, 7901
List the prime factors of 12955459.
11, 1177769
List the prime factors of 1312353.
3, 7, 37, 563
What are the prime factors of 409805?
5, 11, 7451
List the prime factors of 5388722.
2, 29, 53, 1753
What are the prime factors of 12553162?
2, 43, 145967
What are the prime factors of 8206183?
8206183
List the prime factors of 621335.
5, 11, 13, 79
What are the prime factors of 1747769?
37, 47237
What are the prime factors of 17350876?
2, 19, 228301
List the prime factors of 8676121.
149, 58229
List the prime factors of 261274.
2, 13, 773
List the prime factors of 5803521.
3, 23, 241, 349
List the prime factors of 16404739.
13, 47, 26849
What are the prime factors of 417856?
2, 6529
What are the prime factors of 797710?
2, 5, 241, 331
List the prime factors of 174530.
2, 5, 31, 563
List the prime factors of 465105.
3, 5, 101, 307
List the prime factors of 650544.
2, 3, 13553
List the prime factors of 6477112.
2, 881, 919
List the prime factors of 180007.
180007
List the prime factors of 309252.
2, 3, 25771
What are the prime factors of 122859?
3, 11, 17, 73
What are the prime factors of 8077044?
2, 3, 47, 14321
What are the prime factors of 338543?
338543
What are the prime factors of 18091274?
2, 9045637
What are the prime factors of 298095?
3, 5, 7, 17, 167
List the prime factors of 457132.
2, 13, 59, 149
List the prime factors of 588328.
2, 13, 5657
List the prime factors of 428699.
31, 13829
List the prime factors of 32891442.
2, 3, 5481907
What are the prime factors of 127071?
3, 7, 2017
List the prime factors of 6573102.
2, 3, 67, 83, 197
List the prime factors of 415754.
2, 207877
List the prime factors of 904996.
2, 61, 3709
List the prime factors of 241548.
2, 3, 20129
List the prime factors of 1386281.
13, 106637
List the prime factors of 948771.
3, 271, 389
List the prime factors of 1214688.
2, 3, 12653
List the prime factors of 6285505.
5, 41, 30661
List the prime factors of 1204708.
2, 301177
What are the prime factors of 4193891?
13, 322607
List the prime factors of 5931813.
3, 53, 37307
What are the prime factors of 662657?
662657
List the prime factors of 3620142.
2, 3, 201119
What are the prime factors of 2149274?
2, 61, 79, 223
What are the prime factors of 187855?
5, 37571
What are the prime factors of 152902?
2, 89, 859
List the prime factors of 24744.
2, 3, 1031
List the prime factors of 485686.
2, 41, 5923
List the prime factors of 15250837.
7, 2178691
List the prime factors of 32322.
2, 3, 5387
List the prime factors of 742764.
2, 3, 11, 17, 331
List the prime factors of 170067.
3, 83, 683
What are the prime factors of 494071?
17, 29063
What are the prime factors of 5230370?
2, 5, 41, 12757
What are the prime factors of 1918257?
3, 11, 58129
List the prime factors of 391134.
2, 3, 19, 47, 73
What are the prime factors of 54017?
19, 2843
List the prime factors of 290206.
2, 7, 19, 1091
List the prime factors of 29670.
2, 3, 5, 23, 43
What are the prime factors of 6510769?
47, 83, 1669
What are the prime factors of 13644521?
11, 193, 6427
List the prime factors of 26573783.
79, 263, 1279
List the prime factors of 109254.
2, 3, 131, 139
What are the prime factors of 8978254?
2, 167, 26881
What are the prime factors of 200955?
3, 5, 13397
What are the prime factors of 2106795?
3, 5, 140453
What are the prime factors of 3530246?
2, 1765123
What are the prime factors of 424662?
2, 3, 7, 10111
What are the prime factors of 179226?
2, 3, 3319
List the prime factors of 19934895.
3, 5, 19, 113, 619
List the prime factors of 63938.
2, 7, 4567
List the prime factors of 14923950.
2, 3, 5, 37, 2689
List the prime factors of 162926.
2, 81463
What are the prime factors of 3595566?
2, 3, 13, 31, 1487
List the prime f